-19
What is the value of 9 + (0 + (3 - 0) - (13 + -9))?
8
Calculate (0 - (11 + -3)) + 8 + -3.
-3
Evaluate 1 + -1 - 14 - ((-26 - -10) + 12).
-10
Calculate -5 - (-3 + (4 - 1) - 15).
10
Calculate (0 - 12 - -2) + -17 + (-16 - -26).
-17
Evaluate -1 + -5 + 14 + -2 + 18.
24
What is -4 + -1 - -3 - -22 - 9?
11
Calculate (0 + 2 - 7 - 2) + (741 - 718).
16
3 - ((15 - 0) + -3)
-9
Evaluate 7 + -6 + -2 - (-37 - -22).
14
What is the value of (8 - 15) + 4 + -6 - -6?
-3
What is the value of (97 - 95) + (0 - 6) + -5 + 0?
-9
What is the value of 0 - 7 - (-96 - -107)?
-18
What is the value of 1 + -18 + (6 + 4 - 1)?
-8
What is the value of -1 + 4 + -11 - 3?
-11
-17 + -3 + (18 - (-20 + 14 + 15))
-11
Calculate (15 - (1 - 5 - (3 + -13))) + -5.
4
What is (-2 - 1) + (8 - (19 + -14))?
0
What is the value of -12 + 3 + 69 + -63?
-3
Calculate -10 - (-45 - (-43 - -18)).
10
Calculate -1 + 1 + -5 + -3 + 21 + 1.
14
What is the value of -6 - (2 - 3) - (-33 - -87 - 89)?
30
Evaluate (-4 - 13) + (-7 - -29).
5
Calculate -11 + (7 + -9 - -4) + 20.
11
Evaluate 0 + (-13 - -3) + (0 - -1 - -3).
-6
26 + -23 + (-27 - -26)
2
Calculate (-4 - -18) + ((-6 - -2) + 2 - 1).
11
What is (36 + -41 - (-19 + 6)) + -2 + -3?
3
What is -1 + -3 - (-13 + 6 - (1 - 10))?
-6
Calculate 21 - (6 - (38 - 33)).
20
35 + (10 - -16 - 64)
-3
What is the value of (-33 - (41 - 78)) + (-1 - 23)?
-20
What is -27 + (-7 - -14) + 0 + 11 + -3?
-12
What is the value of (4 - (-10 + 3 + -4)) + 1?
16
Calculate 12 + (-11 - (-1 + -9) - 13).
-2
Evaluate 9 + -1 - (0 - 2 - (-41 + 46)).
15
Evaluate (22 - 50) + 16 + (-8 - -5).
-15
Calculate (-8 - 10 - 0) + 1.
-17
What is the value of -6 + 1 - (1 + 1 - (53 - 54))?
-8
Evaluate -29 + -8 - -35 - (-9 - (-1 + 0)).
6
Evaluate (2 - -11) + (2 - 6 - -2).
11
5 + 17 + -24 + (1 - -10)
9
What is 7 + -15 + -3 - -10?
-1
Calculate -12 + 4 + 2 - -1 - (9 + -11).
-3
Calculate (3 - 9) + -8 + 7 + -7 + 4.
-10
Evaluate (-12 - 8) + -6 - -15.
-11
Evaluate (3 - 9 - (-23 - -20)) + 12.
9
What is 0 - (6 + -1 + 10 - 3 - 7)?
-5
Evaluate 19 + (1 - 13) - (5 + (3 - -8)).
-9
What is the value of -58 + 61 + (-1 - -13) + -7?
8
-5 - -9 - (-1 + (4 - 2))
3
What is the value of 2 + -10 - (-80 - -75)?
-3
Evaluate -63 + 60 + -39 + 39.
-3
Calculate -16 + -3 + 1 - (-1 + 2 - 6).
-13
Evaluate 6 + -1 - ((-18 - (5 + -60)) + -1).
-31
What is 14 - 22 - (24 + -12)?
-20
What is -16 - ((0 - 20) + 79 + -66)?
-9
What is 31 - (13 - (-13 + 19) - (-3 + 1))?
22
Calculate (-254 - -278) + (-15 - 2).
7
27 + -18 - (4 + 0 + -7)
12
What is 37 + -8 - (161 - 130)?
-2
What is (-4 + 3 - 5) + 7?
1
Calculate (10 - 30) + 22 - (-3 + 17).
-12
What is the value of (5 - (5 + -3)) + (-9 + -21 - -16)?
-11
Calculate 7 + 4 + -9 + 4 + (4 - 5).
5
What is -4 - ((45 - 50) + 7 + 1 + -3)?
-4
What is (-5 - -11) + -2 + (-20 - -3)?
-13
(-24 - 0) + 1 - (-18 - (-20 - -8))
-17
Evaluate -3 - (3 - (16 - 33)).
-23
What is 7 + (0 - -3 - (-129 - -127))?
12
What is (25 - 46 - (-2 + -6)) + -1 + -8?
-22
Evaluate 1 - (7 + -7 + 0 - (0 + -1)).
0
What is 27 + (-24 - (26 - 26))?
3
What is -3 + (-1 - (2 + 0)) - 2?
-8
What is 22 - (3 - (-13 + 11))?
17
What is 1 + 4 + (-48 - (-29 + 19))?
-33
Evaluate (190 - 198) + (1 - 3) + 2.
-8
Calculate (-25 - 0 - (9 + -23 - -10)) + 7.
-14
What is the value of 53 - 63 - (-2 + 1)?
-9
What is the value of -21 - 1 - (-403 + 386)?
-5
What is the value of -2 - (5 - -2 - 20) - 7?
4
What is -62 + 59 - (4 - (22 + -1))?
14
Evaluate 10 + 3 + (-7 - -17) - (-2 + 8).
17
What is 23 + -56 + 14 - (4 + -6)?
-17
Calculate (5 + -8 - -10) + 5 + 2 + -5.
9
(-14 - (-14 - -14)) + -7 - -17
-4
1 + (-4 - 8) - (6 + -29)
12
Calculate (42 - 55) + 5 + 5.
-3
Calculate 1 - (-4 + -4 - -4 - -13).
-8
What is the value of -7 - ((-34 - -12) + 2)?
13
What is (-5 - (-15 - 9)) + -1 + 0 + -4?
14
8 + -8 - (49 - 44)
-5
What is the value of (-2 - 4) + -1 - -8?
1
What is the value of (0 - -4) + -6 + -6 + -4 + 5?
-7
45 + -6 - 8 - (-13 + 18)
26
What is the value of 12 + 82 + -33 + -38?
23
Calculate (46 - 41) + (5 - 12) - 2.
-4
Evaluate -4 - -1 - -4 - (8 - (-8 + 12)).
-3
What is (-21 - -5) + -45 + 50?
-11
What is -9 + (3 - 2) + -193 + 196?
-5
What is the value of 13 - -11 - 9 - 24 - 1?
-10
Calculate -6 - (-2 + -4 + 6 + -8 + 4).
-2
Calculate 10 + -2 + 3 + 2.
13
Calculate (-9 - 4) + 1 - -8 - 1.
-5
What is 22 + -17 - 26 - -22?
1
Evaluate 1 + -19 + (0 - (-7 - -1 - -7)).
-19
What is the value of 14 - ((4 - 7) + 2 - -9 - 2)?
8
What is the value of 11 + -11 + (3 - 3 - (-3 - 4))?
7
What is (-29 + 4 - -6) + (5 - -8)?
-6
30 + -49 + 17 + 2 + -1 + -7
-8
What is -2 - (13 - (-4 + 2 - -4))?
-13
What is the value of -37 - (16 + (24 - 68))?
-9
Evaluate (-19 - -50) + (5 - (7 + 5 + -6)).
30
Calculate -9 + (-10 - (20 + -49)).
10
Calculate 2 + -9 - -3 - 23.
-27
What is the value of 4 + -3 + -18 - (-5 - -18)?
-30
Calculate 10 + -11 + -10 + -1 + 15.
3
-5 + 1 + -1 + (1 - (-4 - -11))
-11
What is the value of (5 - -18) + -3 - 14?
6
What is the value of 1 - (10 - 2 - (29 - 38))?
-16
17 - (-21 - (-15 - (-21 + 11)))
33
What is the value of -18 - -1 - (111 + -141)?
13
Evaluate 9 + (12 - (-18 + 31)).
8
What is 6 - (3 + -1 + -23 + 13)?
14
-50 + 28 - 8 - -40
10
What is the value of -9 + (-11 - -12 - -6) + (-4 - 1)?
-7
What is 1 - 7 - (25 + -18 + (-7 - 0))?
-6
Calculate (15 - 0 - (286 + -279)) + (7 - 1).
14
Calculate 82 + -85 - (-1 + 12).
-14
-21 - (24 + -53) - -1
9
4 + (-1 - (-11 + 25)) - (11 + -2)
-20
What is the value of 6 - (-4 - (-31 + 13))?
-8
What is 3 - (10 - (1 + (-6 - -7) + 0))?
-5
What is 3 + 1 + (-12 - (-14 + 3))?
3
-5 - (-4 - (12 - 4 - 13))
-6
What is (-26 - (-26 - 5)) + (-3 - 1)?
1
Calculate 0 + -10 + (10 - 3 - -4).
1
(-1 - 5) + 6 + -9 + 3 - 5
-11
(3 - (-35 - -22)) + -33
-17
7 - 5 - 5 - (-5 + (6 - 21))
17
What is the value of -1 + 6 + (-6 - -5) + -10?
-6
Evaluate -5 - ((-4 - (-4 - -4)) + 3) - 3.
-7
Evaluate 145 + -157 + (-13 - -1) + -2.
-26
Evaluate -12 + 6 + (-11 - -8) - (-16 + 1).
6
Calculate -1 + 0 - (-7 + (-4 - -6)).
4
What is 7 + -14 + 6 - 0 - (-3 - -3)?
-1
(13 - 55 - -31) + (-10 - -1)
-20
Evaluate (-13 - (-1 + 4)) + 3.
-13
Calculate 31 - ((46 - 29) + -9).
23
Evaluate 5 + 13 + -45 + -1 + 11 + 0.
-17
What is the value of (-10 - (8 + 1 + -13)) + -4 + 0?
-10
(-8 - 15 - -23) + -20
-20
(17 - 24 - -7) + (17 - -5)
22
What is (15 - (2 - -7)) + -5?
1
What is 18 - 1 - (-27 + 34 - (8 - -3))?
21
Evaluate (0 + -3 - -2) + (20 - 5).
14
(21 - (53 - 36)) + 2 + -36
-30
What is the value of 59 + -18 + -38 + 0 + 4?
7
What is the value of (-12 - 0 - (-72 - -63)) + (-1 - 9)?
-13
What is the value of (-34 + 44 - 30) + 0 + 1?
-19
Evaluate (-9 - -1 - (5 - 13)) + -3.
-3
(-11 - (-6 + 2 + 1)) + 11
3
Evaluate (1 - -6) + (18 - (-5 + 24)) + -14.
-8
Calculate (9 - (-6 + (17 - 2))) + -1 + 1.
0
What is the value of 16 + (-3 - -2) + 3 + -2 + 8?
24
Calculate 3 - (7 - -3 - 13).
6
Evaluate 2 + -10 - (2 + -2 + -14) - 4.
2
Evaluate (-1 - 6) + 11 + 0 + (1 - 12).
-7
Evaluate 3 + -3 + 0 + (3 - -13) + -6.
10
Evaluate -5 + 23 - ((1 - 7) + (1 - -1)).
22
What is the value of (0 - (-1 + -5)) + (6 - (10 - 8))?
10
(4 + -11 - (-2 + -9)) + -5 + 1
0
What is the value of (6 - 1 - 5) + -4 + 1 - -6?
3
What is 1 + -7 + 3 - -6 - -5?
8
Calculate (107 - 44) + -47 + -51.
-35
What is (-3 - 4) + -2 + -4 + (12 - 2)?
-3
Calculate -23 + 9 + 14 - -20.
20
What is the value of -3 + (4 - 4 - 1) + -1 + 12?
7
Evaluate (-14 - -65) + (-35 - -1).
17
What is -42 + 25 + (0 - (9 - 5))?
-21
Calculate (-12 + -7 - -17) + -8.
-10
Calculate -17 + 3 - ((2 - 1) + -18).
3
66 - (22 + -27 - -41)
30
Evaluate -16 + -2 + 9 + -4 + 35.
22
Calculate -2 + 1 - (-5 - -11 - 4) - 1.
-4
1 + -6 + -13 + -16 + 12 + -5
-27
What is 1 + 14 + -3 - (-7 - (-6 + 0))?
13
What is 5 + (7 - 6) + (-1 - 2)?
3
Calculate -14 - (-12 - ((6 - 26) + 11)).
-11
Evaluate 7 + 2 + 38 + -60 - (0 - 4).
-9
What is -8 + (10 - 6 - -13) - 6?
3
What is (-6 - 3 - 9 - -5) + 18?
5
What is -952 + 1008 + (-24 - 1)?
31
What is -4 + -9 - (10 + 2 - 37)?
12
Calculate (9 + -1 - 0) + (-57 - -53).
4
What is the value of -27 + -31 + 35 + 21?
-2
What is 11 + -1 + -170 + 140 + -16?
-36
What is the value of -20 - (10 - (19 - 9)) - -6?
-14
What is the value of (-5 - (7 - 13)) + -8 - (11 - 0)?
-18
What is (-10 - -6) + (18 - 7)?
7
What is the value of (20 - 22 - -21) + 1?
20
Evaluate 7 - (17 - (14 - 15)).
-11
What is (-24 - -13) + 24 - 24?
-11
(26 - 19) + -5 + -13
-1